{"id":23,"date":"2018-08-08T18:23:51","date_gmt":"2018-08-08T16:23:51","guid":{"rendered":"http:\/\/psychomotricienne-laura-simonin.fr\/?page_id=23"},"modified":"2018-08-10T21:39:30","modified_gmt":"2018-08-10T19:39:30","slug":"pour-qui","status":"publish","type":"page","link":"https:\/\/psychomotricienne-laura-simonin.fr\/?page_id=23","title":{"rendered":"Pour qui ?"},"content":{"rendered":"<h1 style=\"text-align: center;\"><strong>La psychomotricit\u00e9 \u00e0 tous \u00e2ges !<\/strong><\/h1>\n<table class=\" aligncenter\" style=\"height: 698px; width: 549px;\">\n<tbody>\n<tr style=\"height: 103px;\">\n<td style=\"width: 133.583px; text-align: center;\"><span style=\"font-size: 14pt;\"><strong>Les b\u00e9b\u00e9s<\/strong><\/span><\/td>\n<td style=\"width: 397.617px; text-align: left; height: 134px;\"><span style=\"font-size: 12pt;\">Afin de favoriser l\u2019int\u00e9gration des apprentissages moteurs et sociaux (<span style=\"color: #993366;\">troubles du tonus<\/span>, <span style=\"color: #ff9900;\">troubles sensoriels<\/span>, <span style=\"color: #33cccc;\">troubles de la relation<\/span>\u2026).<\/span><\/td>\n<\/tr>\n<tr style=\"height: 156px;\">\n<td style=\"width: 133.583px; text-align: center;\"><span style=\"font-size: 12pt;\"><strong><span style=\"font-size: 14pt;\">Les enfants et ados<\/span><\/strong><\/span><\/td>\n<td style=\"width: 397.617px; height: 227px;\"><span style=\"font-size: 12pt;\">Afin de d\u00e9velopper les capacit\u00e9s de communication et d\u2019expression de soi n\u00e9cessaires au d\u00e9veloppement (<span style=\"color: #000000;\"><span style=\"color: #ff00ff;\">troubles des apprentissages<\/span>, <span style=\"color: #ff6600;\">dyspraxie<\/span>, <span style=\"color: #33cccc;\">difficult\u00e9s de coordination<\/span>, <span style=\"color: #993366;\">troubles graphiques<\/span>, <span style=\"color: #ff9900;\">inhibition<\/span>, <span style=\"color: #0000ff;\">agitation<\/span>, <span style=\"color: #ff00ff;\">maladresses<\/span>, <span style=\"color: #ff6600;\">retard de d\u00e9veloppement<\/span>, <span style=\"color: #993366;\">troubles envahissants du d\u00e9veloppement<\/span>\u2026<\/span>).<br \/>\n<\/span><\/td>\n<\/tr>\n<tr style=\"height: 77px;\">\n<td style=\"width: 133.583px; text-align: center;\"><span style=\"font-size: 14pt;\"><strong>Les adultes<\/strong><\/span><\/td>\n<td style=\"width: 397.617px; height: 111px;\"><span style=\"font-size: 12pt;\">Afin d&#8217;intervenir sur divers troubles (<span style=\"color: #800080;\">stress<\/span>, <span style=\"color: #ffcc00;\">angoisse<\/span>, <span style=\"color: #ff00ff;\">d\u00e9pression<\/span>, <span style=\"color: #33cccc;\">troubles alimentaires<\/span>\u2026).<\/span><\/td>\n<\/tr>\n<tr style=\"height: 130px;\">\n<td style=\"width: 133.583px; text-align: center;\"><span style=\"font-size: 14pt;\"><strong>Les personnes \u00e2g\u00e9es<\/strong><\/span><\/td>\n<td style=\"width: 397.617px; height: 167px;\"><span style=\"font-size: 12pt;\">Afin de soutenir la personne \u00e2g\u00e9e dans ses difficult\u00e9s (<span style=\"color: #ffcc00;\">retour d\u2019hospitalisation<\/span>, <span style=\"color: #993300;\">troubles de l\u2019\u00e9quilibre<\/span>, <span style=\"color: #99ccff;\">syndrome post-chute<\/span>, <span style=\"color: #ff00ff;\">d\u00e9mences<\/span>) et dans sa fin de vie.<\/span><\/td>\n<\/tr>\n<\/tbody>\n<\/table>\n<p>&nbsp;<\/p>\n<p style=\"text-align: center;\"><strong><em>Pour tous les troubles li\u00e9s \u00e0 l&#8217;\u00e9quilibre, le tonus, le sch\u00e9ma corporel, l&#8217;image du corps, les coordinations, la lat\u00e9ralit\u00e9, l&#8217;espace ou le temps, pensez \u00e0 la psychomotricit\u00e9.<\/em><\/strong><\/p>\n<p>&nbsp;<\/p>\n","protected":false},"excerpt":{"rendered":"<p>La psychomotricit\u00e9 \u00e0 tous \u00e2ges ! Les b\u00e9b\u00e9s Afin de favoriser l\u2019int\u00e9gration des apprentissages moteurs et sociaux (troubles du tonus, troubles sensoriels, troubles de la relation\u2026). Les enfants et ados Afin de d\u00e9velopper les capacit\u00e9s de communication et d\u2019expression de soi n\u00e9cessaires au d\u00e9veloppement (troubles des apprentissages, dyspraxie, difficult\u00e9s de coordination, troubles graphiques, inhibition, agitation, &hellip; <\/p>\n<p class=\"link-more\"><a href=\"https:\/\/psychomotricienne-laura-simonin.fr\/?page_id=23\" class=\"more-link\">Continue reading<span class=\"screen-reader-text\"> &#8220;Pour qui ?&#8221;<\/span><\/a><\/p>\n","protected":false},"author":1,"featured_media":0,"parent":0,"menu_order":0,"comment_status":"closed","ping_status":"closed","template":"","meta":{"footnotes":""},"_links":{"self":[{"href":"https:\/\/psychomotricienne-laura-simonin.fr\/index.php?rest_route=\/wp\/v2\/pages\/23"}],"collection":[{"href":"https:\/\/psychomotricienne-laura-simonin.fr\/index.php?rest_route=\/wp\/v2\/pages"}],"about":[{"href":"https:\/\/psychomotricienne-laura-simonin.fr\/index.php?rest_route=\/wp\/v2\/types\/page"}],"author":[{"embeddable":true,"href":"https:\/\/psychomotricienne-laura-simonin.fr\/index.php?rest_route=\/wp\/v2\/users\/1"}],"replies":[{"embeddable":true,"href":"https:\/\/psychomotricienne-laura-simonin.fr\/index.php?rest_route=%2Fwp%2Fv2%2Fcomments&post=23"}],"version-history":[{"count":20,"href":"https:\/\/psychomotricienne-laura-simonin.fr\/index.php?rest_route=\/wp\/v2\/pages\/23\/revisions"}],"predecessor-version":[{"id":129,"href":"https:\/\/psychomotricienne-laura-simonin.fr\/index.php?rest_route=\/wp\/v2\/pages\/23\/revisions\/129"}],"wp:attachment":[{"href":"https:\/\/psychomotricienne-laura-simonin.fr\/index.php?rest_route=%2Fwp%2Fv2%2Fmedia&parent=23"}],"curies":[{"name":"wp","href":"https:\/\/api.w.org\/{rel}","templated":true}]}}

<h1 style="text-align: center;"><strong>La psychomotricité à tous âges !</strong></h1>
<table class=" aligncenter" style="height: 698px; width: 549px;">
<tbody>
<tr style="height: 103px;">
<td style="width: 133.583px; text-align: center;"><span style="font-size: 14pt;"><strong>Les bébés</strong></span></td>
<td style="width: 397.617px; text-align: left; height: 134px;"><span style="font-size: 12pt;">Afin de favoriser l’intégration des apprentissages moteurs et sociaux (<span style="color: #993366;">troubles du tonus</span>, <span style="color: #ff9900;">troubles sensoriels</span>, <span style="color: #33cccc;">troubles de la relation</span>…).</span></td>
</tr>
<tr style="height: 156px;">
<td style="width: 133.583px; text-align: center;"><span style="font-size: 12pt;"><strong><span style="font-size: 14pt;">Les enfants et ados</span></strong></span></td>
<td style="width: 397.617px; height: 227px;"><span style="font-size: 12pt;">Afin de développer les capacités de communication et d’expression de soi nécessaires au développement (<span style="color: #000000;"><span style="color: #ff00ff;">troubles des apprentissages</span>, <span style="color: #ff6600;">dyspraxie</span>, <span style="color: #33cccc;">difficultés de coordination</span>, <span style="color: #993366;">troubles graphiques</span>, <span style="color: #ff9900;">inhibition</span>, <span style="color: #0000ff;">agitation</span>, <span style="color: #ff00ff;">maladresses</span>, <span style="color: #ff6600;">retard de développement</span>, <span style="color: #993366;">troubles envahissants du développement</span>…</span>).<br />
</span></td>
</tr>
<tr style="height: 77px;">
<td style="width: 133.583px; text-align: center;"><span style="font-size: 14pt;"><strong>Les adultes</strong></span></td>
<td style="width: 397.617px; height: 111px;"><span style="font-size: 12pt;">Afin d&#8217;intervenir sur divers troubles (<span style="color: #800080;">stress</span>, <span style="color: #ffcc00;">angoisse</span>, <span style="color: #ff00ff;">dépression</span>, <span style="color: #33cccc;">troubles alimentaires</span>…).</span></td>
</tr>
<tr style="height: 130px;">
<td style="width: 133.583px; text-align: center;"><span style="font-size: 14pt;"><strong>Les personnes âgées</strong></span></td>
<td style="width: 397.617px; height: 167px;"><span style="font-size: 12pt;">Afin de soutenir la personne âgée dans ses difficultés (<span style="color: #ffcc00;">retour d’hospitalisation</span>, <span style="color: #993300;">troubles de l’équilibre</span>, <span style="color: #99ccff;">syndrome post-chute</span>, <span style="color: #ff00ff;">démences</span>) et dans sa fin de vie.</span></td>
</tr>
</tbody>
</table>
<p>&nbsp;</p>
<p style="text-align: center;"><strong><em>Pour tous les troubles liés à l&#8217;équilibre, le tonus, le schéma corporel, l&#8217;image du corps, les coordinations, la latéralité, l&#8217;espace ou le temps, pensez à la psychomotricité.</em></strong></p>
<p>&nbsp;</p>

<p>La psychomotricité à tous âges ! Les bébés Afin de favoriser l’intégration des apprentissages moteurs et sociaux (troubles du tonus, troubles sensoriels, troubles de la relation…). Les enfants et ados Afin de développer les capacités de communication et d’expression de soi nécessaires au développement (troubles des apprentissages, dyspraxie, difficultés de coordination, troubles graphiques, inhibition, agitation, &hellip; </p>
<p class="link-more"><a href="https://psychomotricienne-laura-simonin.fr/?page_id=23" class="more-link">Continue reading<span class="screen-reader-text"> &#8220;Pour qui ?&#8221;</span></a></p>
