{"id":19,"date":"2018-08-08T18:23:05","date_gmt":"2018-08-08T16:23:05","guid":{"rendered":"http:\/\/psychomotricienne-laura-simonin.fr\/?page_id=19"},"modified":"2023-04-30T21:23:51","modified_gmt":"2023-04-30T19:23:51","slug":"accueil","status":"publish","type":"page","link":"https:\/\/psychomotricienne-laura-simonin.fr\/","title":{"rendered":"Accueil"},"content":{"rendered":"<p style=\"text-align: center;\"><span style=\"font-size: 24pt;\"><strong>Laura SIMONIN<\/strong><\/span><\/p>\n<p style=\"text-align: center;\"><span style=\"color: #800080;\"><strong>Consultation<\/strong> le <strong>Mercredi<\/strong> et le <strong>Jeudi<\/strong>.<\/span><\/p>\n<p style=\"text-align: center;\"><span id=\"cch_f134f75cd76ce5e\" class=\"_mh6 _wsc\"><span class=\"_3oh- _58nk\">39 Avenue de Bourgogne <\/span><\/span><\/p>\n<p style=\"text-align: center;\"><span id=\"cch_f134f75cd76ce5e\" class=\"_mh6 _wsc\"><span class=\"_3oh- _58nk\">Saint jean d&#8217;Ardieres<br \/>\n<\/span><\/span><\/p>\n<p style=\"text-align: center;\"><span id=\"cch_f134f75cd76ce5e\" class=\"_mh6 _wsc\"><span class=\"_3oh- _58nk\">69220<\/span><\/span> Belleville en Beaujolais<\/p>\n<p>&nbsp;<\/p>\n<p style=\"text-align: center;\"><span style=\"color: #060680;\"><strong>Intervention \u00e0 domicile<\/strong> possible aupr\u00e8s des personnes \u00e2g\u00e9es et des personnes en fin de vie.<\/span><\/p>\n<p><span style=\"color: #33cccc;\">Proposition de groupes en collaboration avec Florine \u00e9galement psychomotricienne (<a style=\"color: #33cccc;\" href=\"http:\/\/aufildespas69.fr\/\">cliquez ici pour plus d&#8217;informations<\/a>) : <strong>ateliers parents-enfants d&#8217;\u00e9veil psychomoteurs 0-3 ans<\/strong>.<\/span><\/p>\n<p>&nbsp;<\/p>\n<p><span style=\"color: #ffffff;\">\u00a0<\/span><\/p>\n<p>&nbsp;<\/p>\n","protected":false},"excerpt":{"rendered":"<p>Laura SIMONIN Consultation le Mercredi et le Jeudi. 39 Avenue de Bourgogne Saint jean d&#8217;Ardieres 69220 Belleville en Beaujolais &nbsp; Intervention \u00e0 domicile possible aupr\u00e8s des personnes \u00e2g\u00e9es et des personnes en fin de vie. Proposition de groupes en collaboration avec Florine \u00e9galement psychomotricienne (cliquez ici pour plus d&#8217;informations) : ateliers parents-enfants d&#8217;\u00e9veil psychomoteurs 0-3 &hellip; <\/p>\n<p class=\"link-more\"><a href=\"https:\/\/psychomotricienne-laura-simonin.fr\/\" class=\"more-link\">Continue reading<span class=\"screen-reader-text\"> &#8220;Accueil&#8221;<\/span><\/a><\/p>\n","protected":false},"author":1,"featured_media":0,"parent":0,"menu_order":0,"comment_status":"closed","ping_status":"closed","template":"","meta":{"footnotes":""},"_links":{"self":[{"href":"https:\/\/psychomotricienne-laura-simonin.fr\/index.php?rest_route=\/wp\/v2\/pages\/19"}],"collection":[{"href":"https:\/\/psychomotricienne-laura-simonin.fr\/index.php?rest_route=\/wp\/v2\/pages"}],"about":[{"href":"https:\/\/psychomotricienne-laura-simonin.fr\/index.php?rest_route=\/wp\/v2\/types\/page"}],"author":[{"embeddable":true,"href":"https:\/\/psychomotricienne-laura-simonin.fr\/index.php?rest_route=\/wp\/v2\/users\/1"}],"replies":[{"embeddable":true,"href":"https:\/\/psychomotricienne-laura-simonin.fr\/index.php?rest_route=%2Fwp%2Fv2%2Fcomments&post=19"}],"version-history":[{"count":24,"href":"https:\/\/psychomotricienne-laura-simonin.fr\/index.php?rest_route=\/wp\/v2\/pages\/19\/revisions"}],"predecessor-version":[{"id":180,"href":"https:\/\/psychomotricienne-laura-simonin.fr\/index.php?rest_route=\/wp\/v2\/pages\/19\/revisions\/180"}],"wp:attachment":[{"href":"https:\/\/psychomotricienne-laura-simonin.fr\/index.php?rest_route=%2Fwp%2Fv2%2Fmedia&parent=19"}],"curies":[{"name":"wp","href":"https:\/\/api.w.org\/{rel}","templated":true}]}}

<p style="text-align: center;"><span style="font-size: 24pt;"><strong>Laura SIMONIN</strong></span></p>
<p style="text-align: center;"><span style="color: #800080;"><strong>Consultation</strong> le <strong>Mercredi</strong> et le <strong>Jeudi</strong>.</span></p>
<p style="text-align: center;"><span id="cch_f134f75cd76ce5e" class="_mh6 _wsc"><span class="_3oh- _58nk">39 Avenue de Bourgogne </span></span></p>
<p style="text-align: center;"><span id="cch_f134f75cd76ce5e" class="_mh6 _wsc"><span class="_3oh- _58nk">Saint jean d&#8217;Ardieres<br />
</span></span></p>
<p style="text-align: center;"><span id="cch_f134f75cd76ce5e" class="_mh6 _wsc"><span class="_3oh- _58nk">69220</span></span> Belleville en Beaujolais</p>
<p>&nbsp;</p>
<p style="text-align: center;"><span style="color: #060680;"><strong>Intervention à domicile</strong> possible auprès des personnes âgées et des personnes en fin de vie.</span></p>
<p><span style="color: #33cccc;">Proposition de groupes en collaboration avec Florine également psychomotricienne (<a style="color: #33cccc;" href="http://aufildespas69.fr/">cliquez ici pour plus d&#8217;informations</a>) : <strong>ateliers parents-enfants d&#8217;éveil psychomoteurs 0-3 ans</strong>.</span></p>
<p>&nbsp;</p>
<p><span style="color: #ffffff;"> </span></p>
<p>&nbsp;</p>

<p>Laura SIMONIN Consultation le Mercredi et le Jeudi. 39 Avenue de Bourgogne Saint jean d&#8217;Ardieres 69220 Belleville en Beaujolais &nbsp; Intervention à domicile possible auprès des personnes âgées et des personnes en fin de vie. Proposition de groupes en collaboration avec Florine également psychomotricienne (cliquez ici pour plus d&#8217;informations) : ateliers parents-enfants d&#8217;éveil psychomoteurs 0-3 &hellip; </p>
<p class="link-more"><a href="https://psychomotricienne-laura-simonin.fr/" class="more-link">Continue reading<span class="screen-reader-text"> &#8220;Accueil&#8221;</span></a></p>
